0 = 5*x + 5*v - 1775, -5*x + 1045 + 746 = v. Suppose -521 = -5*j + x. Calculate the highest common factor of 16 and j.
16
Suppose 25*i - 65*i + 1440 = 0. What is the highest common factor of 18 and i?
18
Let j be (-2)/(-11) + 372/11. Let p = 163 + -129. What is the highest common divisor of j and p?
34
Let u = -2878 - -2915. What is the greatest common factor of u and 925?
37
Let k = -34 + 29. Let q = 20 - k. Suppose 0 = 4*r - 0*r - 900. Calculate the greatest common factor of r and q.
25
Let v be (-69443)/(-413) - (1/(-7))/(-1). What is the greatest common factor of v and 224?
56
Let b = -1 - -2. Let y(q) = -8*q**3. Let o be y(b). Let r be (-42)/o*(-160)/(-30). What is the highest common divisor of r and 14?
14
Suppose 12*s = 3*s + 324. What is the greatest common factor of s and 396?
36
Let a(x) = -x**3 + 6*x**2 + 2*x - 9. Let o be a(6). Let v(j) = -2*j**3 + 1 + 0 + 4*j**2 + j**3. Let i be v(o). What is the greatest common divisor of 4 and i?
2
Let h = -31 - -48. Suppose 1545 = 12*q + 525. Calculate the highest common divisor of q and h.
17
Let n = 140 - 104. What is the highest common factor of 180 and n?
36
Suppose -10*f - 435 = -1435. What is the highest common divisor of f and 650?
50
Let a(j) = 2*j**2 + j + 19. Let u be a(4). Suppose -195 = -5*d - u. Calculate the greatest common divisor of d and 14.
14
Let y be -3 - (1 + -4*26). Let m be 2/6 + 13/(-39). Suppose 2*j = -m*j + 50. What is the highest common divisor of y and j?
25
Suppose 4*h - 2*p = 0, -155*h + 154*h = -2*p + 3. What is the highest common divisor of h and 149?
1
Let p(n) = -2*n**3 - 5*n**2 - n + 7. Suppose -w - 5 = -2*h, -w - 4*h + 1 = -0*w. Let r be p(w). Calculate the highest common factor of 133 and r.
19
Let h = 2264 + -2196. What is the highest common factor of 629 and h?
17
Let w be ((-51)/9 - -2)*-3. Let c be ((-8)/(-6))/(w/33). Let z be 4/8*(0 + c). What is the highest common divisor of 6 and z?
2
Suppose -6*n + 1214 = -856. What is the greatest common factor of 15 and n?
15
Suppose k + 3 = 2*b, -5*k - b + 0*b = -29. Calculate the greatest common divisor of 25 and k.
5
Suppose -4*d + 2*d = -3*p - 295, 4*p = 3*d - 440. Let v be (-18)/(-108)*(3 + 0)*112. What is the greatest common divisor of v and d?
28
Let o(i) be the second derivative of -1/3*i**4 + 1/20*i**5 + 0*i**2 + 0 - 5/6*i**3 + 6*i. Let p be o(7). What is the highest common divisor of p and 14?
14
Let i = 91 + -135. Let v = -7 - i. Calculate the highest common divisor of 296 and v.
37
Suppose -9*m + 269 = -37. What is the greatest common divisor of m and 374?
34
Let u be 6/9*126/2. Suppose 162 = 42*t - 426. What is the greatest common factor of t and u?
14
Suppose -6*d + 7*d + 1 = 0. Let b(j) = -23*j + 1. Let a be b(d). Let q = 2 + 6. What is the highest common divisor of a and q?
8
Let z(l) = 3*l**2 + 32*l - 65*l + 32*l + 1. Let n be z(1). What is the highest common divisor of n and 9?
3
Let i(w) = -5*w + 1. Let c(h) = -5*h. Let d(o) = -4*c(o) + 3*i(o). Let q = 9 - 4. Let a be d(q). What is the greatest common divisor of a and 14?
14
Suppose 20 = 5*i + s, -4*s - 4 = -5*i + 16. Suppose -3*b - 3*c = -168, 0*b + 5*b + i*c = 283. Let n = 108 - b. What is the highest common divisor of n and 7?
7
Suppose 351 = -104*l + 117*l. What is the highest common divisor of l and 837?
27
Let b be 1 - ((-2 - -3) + -2). Suppose 0*p + j = -b*p + 196, -2*p = -2*j - 184. Let m be (6/(-8))/((-3)/p). What is the greatest common divisor of 24 and m?
24
Let d(u) = -u**3 - 2*u**2 + 5*u - 11. Let g be d(-4). Let x be (0 + 3 - -3)*1/g. Calculate the greatest common factor of 96 and x.
6
Let s = 109 - 24. Suppose 0 = -22*x + 25*x - 102. Calculate the highest common divisor of x and s.
17
Let q = 39 - -63. Suppose -2*c + 3*m = -q, -c - 2*m - 53 = -2*c. Suppose -v + 156 = 138. What is the highest common factor of c and v?
9
Suppose -5*x + 65 = 5*z, -z = 3*x - 0 - 3. Suppose 2*o = z - 4. Suppose -10*v + o*v + 3 = 0. Calculate the greatest common divisor of 4 and v.
1
Suppose 0 = 4*x - 16, -a + 3*a - 14 = -x. Let w be a/(-1) - (-3 + 4). Let o be (w/(-9))/((-1)/(-42)). What is the greatest common factor of 14 and o?
14
Let t = -852 + 1587. Let r be (18/(-10))/((-7)/t). What is the highest common factor of r and 21?
21
Let v = 43 + 29. Let b = v + -67. What is the highest common factor of b and 1?
1
Let o = -14869 + 14872. Suppose -2*g + 2 = -2. What is the greatest common factor of g and o?
1
Suppose -3*g + 15 = 2*o - 23, 4*o + 2*g - 84 = 0. Let q = 253 - 77. Calculate the highest common divisor of q and o.
22
Let h = -98 + 58. Let o = h + 64. What is the highest common factor of o and 84?
12
Let r = 130 + -133. Let z = r + 27. What is the highest common divisor of 16 and z?
8
Let s(n) = -2*n**3 + 2*n**2 - 2*n + 51. Let r be s(-6). What is the greatest common divisor of r and 63?
63
Let n be 4 - (-5)/10*-7*-58. Calculate the greatest common factor of n and 23.
23
Let x(u) = -u**3 + 8*u**2 + 5*u. Let j be x(8). Let h = -1 - -17. Calculate the highest common factor of h and j.
8
Let z be -4 - ((1 - 4) + -18). Suppose -v - 3*i + z = 0, -2*i = 3*v - 9 - 77. Calculate the greatest common divisor of 4 and v.
4
Let q(v) = v**3 + 9*v**2 + 16*v - 6. Let x be q(-5). Suppose -x*j + 483 = 63. Calculate the highest common factor of j and 270.
30
Suppose 27 = -b + 3. Let p = 58 + b. Suppose 2*q + 3*r - p = -0*q, -27 = -q - 4*r. What is the highest common divisor of q and 11?
11
Let n be 258/13 + 1 - 50/(-325). Let h be ((-1540)/n)/((-2)/6). Calculate the highest common divisor of h and 20.
20
Let b = 1592 + -1099. Calculate the highest common factor of 17 and b.
17
Suppose -3*v = -r + 40, 4*r + v - 104 = -v. What is the greatest common divisor of 28 and r?
28
Suppose -18*d = -25*d + 1085. What is the greatest common factor of d and 93?
31
Suppose -6*f = 2*f - 16. Suppose -2*c + 5*p + 23 = 8, -f*c + p = -19. What is the greatest common factor of c and 5?
5
Suppose -2*w - 3*w + 325 = 0. Let s be -1*w*(-1 - 0). Let x = 17500 + -17487. What is the greatest common factor of x and s?
13
Let q(r) = -r**3 - 8*r**2 - 5*r - 17. Let y be q(-7). Let o = -16 - y. What is the greatest common divisor of 9 and o?
3
Let i(z) = -2*z**2 + 43*z - 11. Let j be i(19). What is the greatest common factor of j and 21?
21
Suppose -w + 4*u + 20 = 2*u, -2*w + 25 = u. Suppose -4*v + 3*k = 225 - w, k = 5*v + 250. Let h = 189 + v. Calculate the greatest common divisor of 20 and h.
20
Let c(z) = 29*z**2 + 4*z - 5. Let x be c(2). Calculate the highest common factor of x and 21.
7
Suppose -d + 5*m = 4, -2*m = 3*d + 2*m - 45. Suppose -l - d = 13. Let i = l + 44. Calculate the highest common factor of i and 8.
4
Suppose -3*d + 2*b - 45 = 0, 6*b + 15 = b. Let q = -12 - d. What is the greatest common divisor of 5 and q?
5
Let i be 12 - 2/(-2)*0. Suppose -32 + 692 = 5*f. What is the highest common divisor of i and f?
12
Let v = -5 + 8. Let w be 2/(-1) + (-24)/(-4 + -2). Suppose h + 6 = f + 2*f, -w*f + 9 = h. What is the highest common factor of f and v?
3
Suppose 5*m = -3*k + 43, m = 2*k + 2*m - 31. Let r(c) = 15*c + 86. Let w be r(-5). Let s = k - w. Calculate the highest common factor of 45 and s.
5
Let w(n) = 6*n - 131. Let p be w(30). Calculate the highest common factor of 7 and p.
7
Let v(o) = -o**3 + 6*o**2 + 7*o + 21. Let d be v(6). Suppose 0 = -2*a + 3*a - 7. What is the highest common factor of d and a?
7
Let j(i) = -71*i - 52. Let o be j(-12). What is the greatest common factor of 25 and o?
25
Let l = 31 - 20. Let w = 2829 - 2796. What is the highest common factor of w and l?
11
Suppose -5*c = -2*d - 75, -2*c + 93 = 2*c + 5*d. Suppose 293*g + 748 = 297*g. Calculate the highest common factor of g and c.
17
Let y be 208*1 - (7 + -5). Let v be 5/20 - y/(-8). Calculate the highest common divisor of 13 and v.
13
Let m = -436 + 646. What is the greatest common factor of m and 30?
30
Let a = 20 - 17. Suppose -4*m = -0*m + 2*x - 118, 0 = -3*x + a. What is the highest common factor of m and 232?
29
Let h = -32 + 36. Let m be 30 + -4 + (4 - h). Calculate the greatest common factor of m and 39.
13
Let o(s) = s**3 - 36*s**2 + 69*s - 24. Let u be o(34). Let p be (-27)/(-12) + (-2)/8. Calculate the greatest common factor of u and p.
2
Let z(u) = 11*u**2 - 3*u + 4. Let a be 4 - (0 + (6 - 3))